 t(b) = 17*b - 79. Calculate t(5).
6
Let b(z) = 18*z + 2. What is b(-1)?
-16
Let a(x) = x**2 - 3*x - 8. Determine a(7).
20
Let t(q) = q**3 - 7*q**2 - 11*q + 28. What is t(8)?
4
Let t(z) = 2*z + 3. What is t(-6)?
-9
Let x(a) = a**3 + a**2 - 5*a - 5. Calculate x(-3).
-8
Let m(p) = -5*p - 4. Calculate m(6).
-34
Let k(i) = -5*i + 3. Determine k(-2).
13
Let n(x) = x**2 - 7*x + 10. Calculate n(8).
18
Let i(b) = 6*b + 174. Give i(-27).
12
Let k(v) = -5*v**3 + 3*v**2 + 3*v + 2. Determine k(-2).
48
Let g(z) = -4*z**2 + 14*z + 103. Determine g(7).
5
Let t(y) = -y**3 + 7*y**2 - 10*y + 25. Calculate t(6).
1
Let q(v) = 34*v + 1. Determine q(-2).
-67
Let k(q) = q**2 + 42*q + 355. Calculate k(-11).
14
Let y(s) = s**3 + s**2 + 1. What is y(-3)?
-17
Let o(l) = 25*l**2 - 5*l - 2. What is o(1)?
18
Let y(d) = 5*d + 25. What is y(-6)?
-5
Let w(g) = -5*g - 7. Give w(-8).
33
Let c(w) = w**2 + 7*w - 2. Determine c(-6).
-8
Let k(g) = g**2 - 13*g - 53. Give k(16).
-5
Let i(n) = n**3 + 44*n**2 + 86*n + 89. Give i(-42).
5
Let j(r) = -r**3 + 43*r**2 - 40*r - 96. What is j(42)?
-12
Let m(c) = 98*c + 604. Give m(-6).
16
Let s(x) = -12*x**2 + 4*x + 2. Give s(-1).
-14
Let s(a) = 2*a - 47. What is s(8)?
-31
Let d(b) = b**2 - 18*b + 2. Give d(16).
-30
Let z(l) = l**3 + 3*l**2 - 16*l - 43. Give z(-3).
5
Let l(q) = q**3 + 3*q**2 + 3*q - 2. Give l(-3).
-11
Let u(q) = -q**2 + 2*q - 7. What is u(0)?
-7
Let w(q) = -2*q**3 + 8*q**2 + 9*q - 3. Give w(5).
-8
Let a(v) = -v**3 + 5*v**2 + 20*v + 5. Determine a(8).
-27
Let z(d) = -13*d**2 - 5*d + 7. What is z(1)?
-11
Let q(l) = -l**2 - 20*l - 68. Give q(-15).
7
Let i(s) = 11*s + 67. Determine i(-7).
-10
Let y(o) = -o**3 - 8*o**2 - 11*o + 17. Give y(-6).
11
Let f(d) = -d**3 - 2*d**2 - d - 2. Give f(-2).
0
Let n(g) = -g**2 + 20*g + 2. What is n(21)?
-19
Let i(g) = -7*g - 3. Determine i(2).
-17
Let g(l) = -3*l - 1. Determine g(4).
-13
Let c(a) = a**2 + 9*a - 3. Calculate c(-8).
-11
Let c(s) = s**3 + 4*s**2 + 6*s + 1. Determine c(-3).
-8
Let n(o) = 4*o**2 + 93*o + 28. Give n(-23).
5
Let g(m) = -m**3 + 21*m**2 - m + 20. Give g(21).
-1
Let i(g) = 5*g + 60. Determine i(-13).
-5
Let c(l) = -l**2 + 19*l - 17. Determine c(18).
1
Let t(l) = l**3 - 7*l**2 + 3*l - 13. Determine t(7).
8
Let h(c) = -c + 12. What is h(8)?
4
Let n(o) = 16*o**2 + 2*o - 2. Determine n(-2).
58
Let r(s) = -s**2 + 6*s + 50. Give r(-5).
-5
Let o(y) = -27*y + 1084. Give o(40).
4
Let v(u) = u**2 - 11*u - 25. What is v(14)?
17
Let l(g) = 11*g - 322. Calculate l(30).
8
Let i(n) = -n**2 + 11*n - 23. What is i(5)?
7
Let b(t) = 2*t + 7. Determine b(-4).
-1
Let s(c) = c + 28. Give s(-8).
20
Let n(i) = -6*i - 8. Determine n(27).
-170
Let d(k) = -7*k - 65. Give d(-9).
-2
Let b(o) = -42*o - 190. What is b(-4)?
-22
Let k(y) = y**3 + 19. Give k(0).
19
Let g(b) = 2*b**3 - 6*b**2 + b + 1. Determine g(4).
37
Let d(v) = -v**3 - 7*v**2 + 19*v + 1. Determine d(-9).
-8
Let n(o) = -o**2 - 14*o - 21. Give n(-13).
-8
Let x(o) = 2*o + 9. What is x(-7)?
-5
Let l(f) = f**2 + 4*f + 3. Calculate l(-5).
8
Let c(i) = 3*i + 69. What is c(-12)?
33
Let r(h) = -2*h**2 - 20*h - 4. Calculate r(-8).
28
Let m(x) = -x**3 - 3*x**2 - 4*x - 1. Determine m(-3).
11
Let m(p) = 5*p - 5. What is m(-3)?
-20
Let w(a) = -a**2 - 4*a - 8. Determine w(-2).
-4
Let j(r) = r**3 - 20*r - 18. Calculate j(0).
-18
Let h(d) = -d**2 + 2*d + 7. Determine h(4).
-1
Let z(d) = -5*d - 6. What is z(-12)?
54
Let h(i) = i**3 - 14*i**2 + 25*i - 13. Give h(12).
-1
Let b(p) = -p**3 + 25*p**2 + 3. Calculate b(25).
3
Let l(x) = -x**3 + 5*x**2 - 13*x + 13. Give l(3).
-8
Let c(y) = -2*y**2 - 14*y - 7. What is c(-6)?
5
Let y(c) = -c**3 - 5*c**2 + 7*c + 5. Determine y(-6).
-1
Let l(v) = -3*v - 66. Give l(-20).
-6
Let v(o) = -26*o + 292. Determine v(11).
6
Let m(h) = 5*h**3 - h**2 - 2*h - 1. Give m(-1).
-5
Let z(t) = -t**2 - 36*t + 41. What is z(-37)?
4
Let i(y) = -y**2 + 17*y - 2. Give i(9).
70
Let i(r) = r**2 - r - 7. Determine i(-4).
13
Let t(k) = k**3 - 7*k**2 - 9. What is t(7)?
-9
Let v(k) = k + 2. Calculate v(-7).
-5
Let d(i) = i**2 + 6*i - 18. Give d(-8).
-2
Let f(y) = 25*y - 498. What is f(20)?
2
Let g(b) = b**2 - 10*b + 7. What is g(5)?
-18
Let p(c) = -25*c. Give p(-1).
25
Let i(k) = 63*k + 507. Give i(-8).
3
Let r(l) = 9*l + 12. Give r(-5).
-33
Let f(i) = -6*i - 10. Determine f(-3).
8
Let r(c) = -c**2 - 2*c + 1. Give r(-7).
-34
Let y(i) = i**3 + 4*i**2 + 2*i + 5. Calculate y(-5).
-30
Let o(d) = -9*d**2 - 5*d + 4. Determine o(1).
-10
Let k(b) = b**3 - 9*b**2 + 17*b + 8. Give k(4).
-4
Let a(s) = -2*s**2 + 11*s - 1. What is a(6)?
-7
Let d(j) = -9*j + 3. Give d(-1).
12
Let s(d) = -2*d**2 - 26*d - 9. Calculate s(-13).
-9
Let j(z) = -2*z**2 - 21*z + 22. Calculate j(-12).
-14
Let d(h) = -2*h**3 + 17*h**2 - 10*h + 16. Determine d(8).
0
Let k(z) = -z**3 + 35*z**2 - 85. Calculate k(35).
-85
Let d(u) = -u**3 + 6*u**2 + 7*u. Give d(7).
0
Let m(d) = -3*d - 14. Determine m(-5).
1
Let a(y) = 15*y - 4. Calculate a(-2).
-34
Let m(d) = -d**2 + 17*d + 27. What is m(18)?
9
Let t(s) = -5*s - 41. Determine t(-6).
-11
Let r(u) = u**3 - 18*u**2 + 16*u + 18. Determine r(17).
1
Let k(f) = 3*f - 6. Determine k(4).
6
Let k(w) = 5*w - 4. Give k(-3).
-19
Let d(g) = g**3 + g**2 - g - 23. Give d(0).
-23
Let o(f) = 4*f + 25. What is o(-14)?
-31
Let j(m) = -3*m**2 + 5*m - 2. What is j(2)?
-4
Let t(f) = -f**3 - 16*f**2 + 132*f - 8. Give t(-22).
-8
Let p(i) = i**3 - 10*i**2 + 11*i - 23. Calculate p(9).
-5
Let w(v) = -v**3 + 6*v**2 - 7*v. Give w(5).
-10
Let d(z) = z**3 + 31*z**2 + 29*z - 56. Give d(-30).
-26
Let j(r) = 29*r + 12. What is j(-2)?
-46
Let z(y) = y**3 + 5*y**2 - 13*y + 8. Calculate z(-7).
1
Let q(p) = -5*p + 5. What is q(11)?
-50
Let g(j) = j**3 - 17*j**2 - 24*j + 107. Give g(18).
-1
Let a(i) = -i**2 - 34*i - 104. Give a(-31).
-11
Let a(l) = -l**3 + 2*l**2 + l. Give a(3).
-6
Let j(z) = 6*z + 14. Give j(-8).
-34
Let f(s) = -28*s**2 - 8*s - 7. What is f(-2)?
-103
Let g(d) = -d**3 - 11*d**2 - 11*d - 15. Give g(-10).
-5
Let v(r) = r**3 + 14*r**2 - 12*r + 28. What is v(-15)?
-17
Let h(u) = -2*u**2 - 6*u - 6. Determine h(-3).
-6
Let j(z) = -2*z + 3. What is j(4)?
-5
Let t(k) = -4*k**2 + 11*k - 8. Give t(2).
-2
Let c(j) = -j**3 + 6*j**2 + 8*j + 7. Calculate c(7).
14
Let a(h) = -30*h. Calculate a(1).
-30
Let r(m) = -2*m**2 - 127*m + 65. Determine r(-64).
1
Let h(l) = -5*l**2 - 24*l - 6. Calculate h(-6).
-42
Let r(m) = m**2 - 9*m + 12. What is r(11)?
34
Let f(p) = -p**3 - 4*p**2 + p - 21. Calculate f(0).
-21
Let p(g) = g**2 + 2*g - 6. What is p(3)?
9
Let l(i) = 8*i**2 - 3*i + 3. Calculate l(1).
8
Let p(v) = 14*v**2 + 30*v. What is p(-2)?
-4
Let m(p) = p**3 - 13*p**2 + 33*p - 35. Determine m(10).
-5
Let l(t) = 3*t + 22. Give l(-8).
-2
Let s(l) = -l**2 + 9*l - 6. Determine s(7).
8
Let b(g) = -g**3 + 9*g**2 - 6*g + 4. Calculate b(8).
20
Let n(w) = 2*w - 10. What is n(2)?
-6
Let q(f) = 3*f + 15. Determine q(-14).
-27
Let y(o) = o**3 - o**2 - 2*o + 4. What is y(3)?
16
Let o(n) = 59*n**2 - 2*n. Give o(-1).
61
Let s(z) = -6*z - 42. Calculate s(-6).
-6
Let j(s) = s**3 + 4*s**2 + 8*s + 8. Determine j(-3).
-7
Let p(q) = -2*q + 8. Give p(-7).
22
Let v(m) = -m**3 - 6*m**2 - 3*m + 10. Give v(-5).
0
Let z(i) = -i**3 + 9*i**2 + i - 2. Give z(9).
7
Let d(c) = -c**2 - 12*c + 8. What is d(0)?
8
Let a(v) = -v + 28. Give a(21).
7
Let w(m) = -7*m - 3. Calculate w(-5).
32
Let j(i) = i**3 - 6*i**2 - 4*i + 1. Calculate j(7).
22
Let w(r) = -11*r - 147. Give w(-10).
-37
Let p(f) = -f**2 + 8*f + 50. Determine p(12).
2
Let h(a) = 2*a**2 + 12*a + 2. What is h(-6)?
2
Let y(v) = -93*v + 275. Calculate y(3).
-4
Let i(t) = t**3 - 8*t**2 + 5*t + 9. Determine i(7).
-5
Let j(l) = -l**2 - 25*l - 68. Calculate j(-24).
-44
Let h(l) = -l**3 + 4*l**2 + 6*l - 11. Determine h(5).
-6
Let h(s) = s**2 - 10*s + 30. Give h(14).
86
Let v(n) = -n**2 + 9*n + 45. Determine v(0).
45
Let t(m) = -5*m**2 + 22*m + 15. Determine t(5).
0
Let k(z) = -z**2 - 5*z - 8. Determine k(-4).
-4
Let l(j) = -j**3 + 15*j**2 - 29*j + 10. Determine l(12).
94
Let j(u) = u**3 - u**2 - 16*u + 34. What is j(4)?
18
Let n(s) = -27*s - 62. What is n(-4)?
46
Let x(v) = -34*v - 103. Give x(-3).
-1
Let v(m) = 9*m + 71. What is v(-6)?
17
Let u(h) = -h**2 + 4*h - 3. Calculate u(2).
1
Let u(w) = -w**3 - 2*w**2 + w + 1. Give u(3).
-41
Let p(v) = -v**3 - 9*v**2 +